r when 853 is divided by 437?
416
What is the remainder when 241 is divided by 55?
21
What is the remainder when 217 is divided by 30?
7
What is the remainder when 787 is divided by 393?
1
Calculate the remainder when 37571 is divided by 186.
185
What is the remainder when 86 is divided by 19?
10
Calculate the remainder when 1065 is divided by 530.
5
Calculate the remainder when 67013 is divided by 153.
152
Calculate the remainder when 387 is divided by 10.
7
What is the remainder when 14 is divided by 9?
5
What is the remainder when 638 is divided by 219?
200
Calculate the remainder when 8649 is divided by 21.
18
Calculate the remainder when 3291 is divided by 18.
15
Calculate the remainder when 132 is divided by 41.
9
What is the remainder when 196 is divided by 66?
64
What is the remainder when 518 is divided by 480?
38
What is the remainder when 1566 is divided by 121?
114
What is the remainder when 338 is divided by 85?
83
Calculate the remainder when 146 is divided by 75.
71
What is the remainder when 1335 is divided by 661?
13
Calculate the remainder when 801 is divided by 115.
111
What is the remainder when 2223 is divided by 26?
13
What is the remainder when 705 is divided by 235?
0
What is the remainder when 14101 is divided by 328?
325
What is the remainder when 1503 is divided by 94?
93
What is the remainder when 432 is divided by 15?
12
What is the remainder when 15 is divided by 4?
3
Calculate the remainder when 146 is divided by 4.
2
What is the remainder when 61 is divided by 53?
8
Calculate the remainder when 32 is divided by 3.
2
What is the remainder when 80 is divided by 14?
10
What is the remainder when 38 is divided by 14?
10
Calculate the remainder when 462 is divided by 136.
54
What is the remainder when 1274 is divided by 107?
97
Calculate the remainder when 125 is divided by 4.
1
Calculate the remainder when 156 is divided by 34.
20
What is the remainder when 5668 is divided by 105?
103
What is the remainder when 529 is divided by 522?
7
What is the remainder when 7239 is divided by 17?
14
What is the remainder when 2379 is divided by 45?
39
Calculate the remainder when 79 is divided by 8.
7
What is the remainder when 1253 is divided by 37?
32
Calculate the remainder when 246 is divided by 32.
22
Calculate the remainder when 789 is divided by 15.
9
Calculate the remainder when 1619 is divided by 163.
152
Calculate the remainder when 3941 is divided by 141.
134
Calculate the remainder when 144 is divided by 17.
8
Calculate the remainder when 53 is divided by 45.
8
Calculate the remainder when 259 is divided by 113.
33
Calculate the remainder when 86 is divided by 46.
40
Calculate the remainder when 3370 is divided by 225.
220
Calculate the remainder when 661 is divided by 111.
106
What is the remainder when 1023 is divided by 145?
8
What is the remainder when 131 is divided by 40?
11
Calculate the remainder when 106 is divided by 43.
20
Calculate the remainder when 1289 is divided by 6.
5
Calculate the remainder when 318 is divided by 29.
28
Calculate the remainder when 608 is divided by 69.
56
Calculate the remainder when 7405 is divided by 13.
8
What is the remainder when 577 is divided by 100?
77
What is the remainder when 1213 is divided by 1210?
3
What is the remainder when 585 is divided by 14?
11
What is the remainder when 1184 is divided by 34?
28
What is the remainder when 1523 is divided by 110?
93
Calculate the remainder when 480 is divided by 14.
4
Calculate the remainder when 1273 is divided by 156.
25
What is the remainder when 362 is divided by 61?
57
Calculate the remainder when 52 is divided by 4.
0
What is the remainder when 782 is divided by 28?
26
Calculate the remainder when 167 is divided by 15.
2
What is the remainder when 37 is divided by 5?
2
Calculate the remainder when 1211 is divided by 81.
77
What is the remainder when 1117 is divided by 180?
37
What is the remainder when 1152 is divided by 77?
74
Calculate the remainder when 16787 is divided by 73.
70
What is the remainder when 7917 is divided by 72?
69
What is the remainder when 129 is divided by 26?
25
Calculate the remainder when 136 is divided by 32.
8
What is the remainder when 81 is divided by 21?
18
What is the remainder when 2547 is divided by 285?
267
Calculate the remainder when 657 is divided by 83.
76
Calculate the remainder when 217 is divided by 77.
63
What is the remainder when 4939 is divided by 13?
12
What is the remainder when 13 is divided by 2?
1
What is the remainder when 3832 is divided by 27?
25
Calculate the remainder when 180 is divided by 5.
0
What is the remainder when 773 is divided by 63?
17
Calculate the remainder when 229 is divided by 107.
15
What is the remainder when 584 is divided by 117?
116
Calculate the remainder when 272 is divided by 19.
6
Calculate the remainder when 811 is divided by 37.
34
What is the remainder when 339 is divided by 126?
87
Calculate the remainder when 194 is divided by 49.
47
Calculate the remainder when 77 is divided by 14.
7
What is the remainder when 713 is divided by 34?
33
Calculate the remainder when 35 is divided by 4.
3
What is the remainder when 109 is divided by 19?
14
Calculate the remainder when 5 is divided by 3.
2
Calculate the remainder when 549 is divided by 19.
17
Calculate the remainder when 397 is divided by 104.
85
Calculate the remainder when 1131 is divided by 103.
101
Calculate the remainder when 76 is divided by 16.
12
What is the remainder when 294 is divided by 137?
20
Calculate the remainder when 1170 is divided by 47.
42
What is the remainder when 345 is divided by 111?
12
Calculate the remainder when 223 is divided by 77.
69
What is the remainder when 1444 is divided by 85?
84
What is the remainder when 2967 is divided by 33?
30
Calculate the remainder when 1355 is divided by 670.
15
Calculate the remainder when 580 is divided by 192.
4
Calculate the remainder when 473 is divided by 19.
17
What is the remainder when 77 is divided by 8?
5
What is the remainder when 795 is divided by 119?
81
What is the remainder when 1290 is divided by 81?
75
What is the remainder when 2338 is divided by 41?
1
What is the remainder when 1696 is divided by 94?
4
What is the remainder when 570 is divided by 117?
102
Calculate the remainder when 17 is divided by 7.
3
What is the remainder when 503 is divided by 4?
3
Calculate the remainder when 96 is divided by 25.
21
What is the remainder when 75 is divided by 32?
11
Calculate the remainder when 7436 is divided by 49.
37
Calculate the remainder when 148 is divided by 6.
4
What is the remainder when 553 is divided by 139?
136
Calculate the remainder when 2894 is divided by 292.
266
Calculate the remainder when 586 is divided by 21.
19
Calculate the remainder when 137 is divided by 36.
29
What is the remainder when 14 is divided by 9?
5
What is the remainder when 1106 is divided by 349?
59
Calculate the remainder when 302 is divided by 38.
36
Calculate the remainder when 1536 is divided by 382.
8
What is the remainder when 36 is divided by 19?
17
What is the remainder when 231 is divided by 87?
57
What is the remainder when 254 is divided by 64?
62
Calculate the remainder when 257 is divided by 87.
83
Calculate the remainder when 972 is divided by 30.
12
What is the remainder when 1887 is divided by 6?
3
Calculate the remainder when 1603 is divided by 18.
1
Calculate the remainder when 241 is divided by 61.
58
Calculate the remainder when 421 is divided by 209.
3
What is the remainder when 215 is divided by 3?
2
Calculate the remainder when 125 is divided by 40.
5
Calculate the remainder when 2855 is divided by 1424.
7
Calculate the remainder when 910 is divided by 48.
46
What is the remainder when 439 is divided by 20?
19
Calculate the remainder when 6586 is divided by 97.
87
Calculate the remainder when 2460 is divided by 85.
80
What is the remainder when 6 is divided by 1?
0
Calculate the remainder when 203 is divided by 103.
100
What is the remainder when 295 is divided by 37?
36
What is the remainder when 582 is divided by 45?
42
What is the remainder when 157 is divided by 40?
37
Calculate the remainder when 3098 is divided by 105.
53
What is the remainder when 3074 is divided by 41?
40
What is the remainder wh